b - 6. Let q be v(-11). Suppose -17 - q = -p*k. What are the prime factors of k?
2, 11
Suppose -2*z - 4*w + 14 = -34, 3*z = 2*w + 96. Suppose z*a + 2 = 29*a. What are the prime factors of (a/(-3))/((-10)/(-1515))?
101
Let t = -1159 - -1731. Suppose -21*a + 8*a = -t. Let k = -22 + a. List the prime factors of k.
2, 11
Let c = -199 + 201. Suppose 4*w + 970 = 3*h, 934 = c*h + h + 5*w. What are the prime factors of h?
2, 3, 53
Let u = 121 + -116. Let z(g) = g - 13 - 51 + u*g. List the prime factors of z(26).
2, 23
Suppose -2*c - 2*l = -6378 + 1864, -3*l = c - 2253. List the prime factors of c.
3, 251
Let z = -53 - -59. Suppose -14 = -4*g + z. Suppose -2*p - m = -2*m - 325, -802 = -g*p - m. What are the prime factors of p?
7, 23
Let v be (-44)/(1*(2 + 12/(-3))). Suppose -9310 = -v*p + 3*p. What are the prime factors of p?
2, 5, 7
Suppose 5*i + a = 5853, -19*i + 24*i - 5865 = 5*a. List the prime factors of i.
1171
Let a = 3216 - -3087. List the prime factors of a.
3, 11, 191
Suppose -11*g = -0*g - 66. List the prime factors of g/18 + (568/6 - -2).
97
Suppose 7*f - 2*f - 1565 = 5*x, 4*x + 5*f = -1261. Let k = -94 - x. List the prime factors of k.
2, 5, 11
Let w be ((-392)/3)/(14/(-84)). Let u = w - 412. What are the prime factors of u?
2, 3, 31
Let c(d) = 2563*d - 14735. List the prime factors of c(33).
2, 19, 919
Suppose 4*m - 4 - 4 = 0. Suppose -4*p = m*r - 6, p + 0*r = r + 9. Suppose -p*t + 5*w = 7, t = -0*t + w - 1. What are the prime factors of t?
2
Suppose 6 = 7*l - 4*l. Suppose 0 = -4*d - 4*u + 44, -l*d + u + 7 = -0. What are the prime factors of 7/42 - (-491)/d?
2, 41
Let o = 30 - 25. Suppose o*f - t = -3*t + 14, -f = 3*t - 8. Suppose 0 = -v + f*v - 121. List the prime factors of v.
11
Suppose -8*r + 3*r = 4*o - 26, r = 3*o - 10. Suppose 0 + 3 = r*u + s, s - 1 = -4*u. List the prime factors of (10 - -71) + 5 + u.
5, 17
Suppose -17*l + 1284145 = 145*l - 376679. List the prime factors of l.
2, 11, 233
Let o(m) = -m**2 + 2*m + 7. Let b be o(3). Suppose 3*h = -b*l + 32, 4*l - 5 - 15 = 0. Suppose 5*a - 2*a = -h*i + 447, -3*i = 9. List the prime factors of a.
3, 17
What are the prime factors of (-1)/5 + ((-2270688)/(-140) - 17)?
2, 8101
Let y(t) be the second derivative of -3*t**5/20 + t**4/12 + 5*t**3/3 + 13*t**2 - 7*t - 13. What are the prime factors of y(-7)?
2, 11, 47
Suppose -11 = -3*a + 4, n + 5*a - 20 = 0. Let w be (-12)/n*275/10*1. List the prime factors of 2/11 - (-7380)/w.
2, 7
Suppose -4*n - 4*j = -228, -3*n + 39 = -3*j - 126. Suppose 2*v = -0*v + 82. Let d = v + n. What are the prime factors of d?
97
Suppose 18*c - 8242 - 44415 = 25913. List the prime factors of c.
3, 5, 97
Let x = -201 - -201. Suppose 3*q - 1238 = 5*p, x = -5*q + 3*p + 1921 + 121. What are the prime factors of q?
2, 7, 29
Let s(w) be the first derivative of -w**4/4 + 2*w**3 - w**2 - 5*w + 2. Let y be s(5). What are the prime factors of (-4571)/(-35) - (-4)/y?
131
Suppose 0 = -c + 4*z + 5907, -c + 4*c = 2*z + 17711. What are the prime factors of c?
5903
Let b = 3 + -2. Let a(w) be the third derivative of 7*w**5/20 + 13*w**4/24 - 13*w**3/6 - 3*w**2 + 26*w. What are the prime factors of a(b)?
3, 7
Let k be (-2 + (0 - -7))*(4 - 3). Suppose -k*l + 753 = -237. Let h = l - 99. What are the prime factors of h?
3, 11
Let d(u) be the second derivative of 7*u**4/12 - 13*u**3/3 + 9*u**2/2 + 2*u - 20. List the prime factors of d(16).
5, 277
Suppose 0 = -2*a - 3*x + 1810, -3*a + 2681 = -8*x + 4*x. Suppose -2*b + 298 = -b + 2*v, -a = -3*b - 5*v. List the prime factors of b.
2, 7, 11
Let m = 139 + -134. Suppose 3*l - m*r - 3142 = 0, 13*r + 1054 = l + 10*r. What are the prime factors of l?
1039
Suppose -3*j = -8*k - 35323, 4*k = 6*j - 8*j + 23530. List the prime factors of j.
3, 3923
Let a = 163 + -159. Suppose -2928 = -a*z - 3*d, -34*z - 2912 = -38*z + d. List the prime factors of z.
3
Let i = -883 - -578. Let r = i - -397. List the prime factors of r.
2, 23
Suppose -t + 4*n - 50 = -192, 2*t + 3*n = 328. Let y = 504 + -299. Suppose -3*w = -y - t. List the prime factors of w.
11
Suppose -69*x + 74*x - 61124 = 2*d, -d + 12229 = x. What are the prime factors of x?
2, 6113
Suppose 5*k + 4*s - 96608 = 0, -172*k = -171*k + 5*s - 19288. What are the prime factors of k?
2, 151
Let j(o) = -1015*o + 1058. What are the prime factors of j(-4)?
2, 3, 853
Suppose -29*c - 13*c + 1764892 = 130*c. What are the prime factors of c?
31, 331
Let q be 5528 + 0 + 13 + -8 + -1. Suppose q = -8*l + 11*l. List the prime factors of l.
2, 461
Let j = -30 - -44. Suppose -v = -3*h + 10, 0*h + 5*h - v - j = 0. Suppose 0*x = x + h*p - 8, -3*p + 30 = 3*x. What are the prime factors of x?
2, 3
Let x(g) = g + 11. Let u be x(-8). Suppose -u*h = 0, -5*f + 2402 = 5*h - 333. Suppose 2*y = -71 + f. What are the prime factors of y?
2, 7, 17
Let a(n) = 10*n - 17. Let g be a(2). Suppose g*r - 218 = 2005. Suppose 3*m - 4*q - 600 = 144, -5*q = -3*m + r. List the prime factors of m.
2, 3, 7
Let u(t) = -t**3 + 10*t**2 - 13*t - 24. Let q be u(8). Suppose 11*k - 16*k - a + 5426 = q, 5*k - 4*a - 5446 = 0. What are the prime factors of k?
2, 3, 181
Let q be (-45 + 0 + 0)/((-2)/402). Suppose -132*o + q = -117*o. What are the prime factors of o?
3, 67
Suppose 9 - 59 = 5*s. Let k(q) = -5*q - 50. Let t be k(s). Suppose -4*g + w + 120 = t, -8*g + 4*g = -2*w - 120. List the prime factors of g.
2, 3, 5
Let s be (10/(-3))/((-2)/(-3)). What are the prime factors of 372/11 - s/(110/4)?
2, 17
Let s = -3362 + 5109. What are the prime factors of s?
1747
List the prime factors of (-66)/11*6568/(-6).
2, 821
Suppose -17892 + 4375 = -5*u - 4*f, -f = 2*u - 5405. List the prime factors of u.
37, 73
Suppose 2*b - 12 = 8. Let v(g) = 6*g**2 + 2*g**3 + 2*g + 3*g**2 - 3*g**3 - b - 4*g. List the prime factors of v(7).
2, 37
Suppose -6*d + 323 = -5*d. Suppose v = 2*t - 351, 2*t = 3*v + d + 38. List the prime factors of t.
173
Let u(g) = g**3 + 2*g**2 - 8*g + 9. Let o be u(-12). Let p = 2371 + o. Suppose p = 11*l - 4*l. List the prime factors of l.
2, 37
Let j(l) be the third derivative of 31*l**5/30 + l**4/24 + 5*l**3/6 + 20*l**2 + l. What are the prime factors of j(-3)?
2, 5, 7
Suppose -3*v - l = 59, -8*v + 3*v - 105 = 3*l. List the prime factors of v/(-81) - 7608/(-27).
2, 3, 47
Suppose 0*b - 5*z + 139 = b, 2*b + 4*z = 266. Let g = 813 - b. List the prime factors of g.
2, 3, 19
Let c(g) = -30*g**2 - 384*g + 9. List the prime factors of c(-12).
3, 11
Suppose -38*o = -30*o + 6072. Let k = -337 - o. List the prime factors of k.
2, 211
Suppose 0 = -m + 12*j - 7*j + 1983, -4*j = 4*m - 8028. Let v = m - 1098. List the prime factors of v.
5, 181
Let z(a) = -55*a + 67 + 171 - 37 - 34*a. What are the prime factors of z(-7)?
2, 103
Suppose -5*m - 3*i = -83, -3*i - 26 - 43 = -3*m. List the prime factors of 25952/m + 2/19.
2, 683
Suppose 3505 = 4*f - 2*r - 317, -3*f = 5*r - 2899. Suppose f = j - 56. List the prime factors of j.
2, 3, 13
Let d(i) = -68*i - 72 - 26*i + 62. What are the prime factors of d(-2)?
2, 89
Let w = -6879 - -4662. Let l = -1360 - w. List the prime factors of l.
857
Let z = -8019 - -13854. Suppose z = 89*c - 84*c. List the prime factors of c.
3, 389
What are the prime factors of (-7 - 718*(-1 - 7))*1?
5737
Let k be (-2 - -4 - 2)*1. Suppose k = -0*j - j + 62. Let w = j + 45. List the prime factors of w.
107
Let n = -37 + 78. Suppose 44*f = n*f + 81. What are the prime factors of 6/f*1 - (-1614)/27?
2, 3, 5
Let m = -7681 + 13809. List the prime factors of m.
2, 383
Let r = 143783 - 79783. What are the prime factors of r?
2, 5
Suppose 0 = -4*o + v - 2936, 4*v = 2*o + 458 + 1024. Let b = o + 1600. Suppose -4*z - 3*q = -b, z - 5*q = -49 + 260. List the prime factors of z.
2, 3
Let i be 1063/(-7) - 32/224. Let j = -139 - i. What are the prime factors of j?
13
What are the prime factors of (5/(-135)*6*3)/((-40)/4128900)?
5, 13763
Suppose -6*r = -7*r + 6396. List the prime factors of r.
2, 3, 13, 41
Let b(g) = -6*g**3 - g**2 - 24*g - 57. List the prime factors of b(-10).
7, 11, 79
Suppose 0 = c + 73 - 721. Suppose 2*b + 3*u - 324 = -2*u, -4*u = -4*b + c. Suppose 4*g - 292 = -5*y, 2*g + 0*g = 3*y - b. List the prime factors of y.
2, 7
Let j(i) = i**2 - 6*i - 14. Let l be j(4). Let t(g) = 2*g + 93. Let o(p) = -3*p - 95. Let u(q) = 3*o(q) + 4*t(q). What ar